n 21 is divided by 4/s + 44/6.
5
Let g = 12 + 13. Calculate the remainder when 72 is divided by g.
22
Suppose 267 = 5*h + 3*k, 188 = 3*h + h - 4*k. Suppose -5*m + 170 = -4*o + h, -4*m = 4*o - 88. Let g = 105 - 61. What is the remainder when g is divided by m?
21
Calculate the remainder when (7 - 76)*(-1)/1 is divided by 18.
15
Suppose -u + 5*u - 44 = 0. What is the remainder when 32 is divided by u?
10
Suppose -2*z + 0*q = -5*q - 3, 3*z - 2*q + 1 = 0. Calculate the remainder when (z - -33) + (3 - 5) is divided by 11.
8
Suppose -x + 2*i - 4*i + 67 = 0, -3*i + 64 = x. Suppose 25 - x = -3*j. What is the remainder when 29 is divided by j?
13
Let f(q) = q**3 - q**2 - q + 9. What is the remainder when 42 is divided by f(0)?
6
Suppose -29*d + 744 = -23*d. What is the remainder when d is divided by 25?
24
Let n(j) = -j**2 + 10*j - 1. Let o(x) = 3*x**2 + 6*x - 5. What is the remainder when o(4) is divided by n(4)?
21
Suppose t = -c + 23, -3*t - 35 = -0*c - c. What is the remainder when c is divided by 15?
11
Let n(q) = 2*q - 7. Let f(h) = h**3 + 8*h**2 + h + 17. What is the remainder when f(-8) is divided by n(6)?
4
Suppose 3*g - 6*g + 15 = 0. Let o be 21 - ((-3)/(-3))/1. Suppose y - 15 = -5*j - 3, -5*y - g*j + o = 0. Calculate the remainder when 4 is divided by y.
0
Let y(h) = h**3 - 14*h**2 - 13*h - 16. What is the remainder when 0/1 - (-57 + 4) is divided by y(15)?
11
Suppose -2*v + 7 - 1 = 0. Suppose -v*q + 587 = 5*j, -5*j + 388 = 2*q - 0*j. Suppose 9 = 4*g - q. What is the remainder when g is divided by 18?
16
Let w(g) = -g**2 + 9*g - 3. Let y be w(9). Let f = 4 + y. What is the remainder when 2 is divided by f?
0
Suppose 0 = -0*c - 2*c - 4. What is the remainder when 0/1 - (c - 0) is divided by 2?
0
Suppose -6 - 4 = -5*f. Let i(n) = 2*n - 2*n + 12 - n**f + 0*n. Calculate the remainder when 46 is divided by i(0).
10
Suppose 4*i - 2*d = 74, -2*i - 2*i - 3*d = -49. Suppose k - 5*k + i = 0. What is the remainder when k is divided by 3?
1
Let r be 2/1*12/8. Suppose -5*w + 77 = r*c, -w + 5*c - 33 = -2*w. Calculate the remainder when 51 is divided by w.
12
Let h be 3/(-2)*30/(-9). Suppose -5*p + 132 = 4*d, h*p - 57 = 2*p + 5*d. What is the remainder when p is divided by 13?
11
Let j = -3 - 4. Let h = j - -20. Suppose -4*x - 2*c + 20 = 0, -2*x + 2*c + 10 = c. What is the remainder when h is divided by x?
3
Let l be ((-4)/(-6))/(4/(-6)). Let z be (-123)/(-18) - l/6. Let s = z - 3. Calculate the remainder when 7 is divided by s.
3
Let n = 30 - 24. What is the remainder when n is divided by -3*4/6 - -6?
2
Suppose -3*j = -2*j. Suppose -2*n + 5 = -o, 4*n - o - 3*o - 4 = j. Let q(z) = z + 3. Calculate the remainder when q(n) is divided by 3.
1
Suppose -4*r + 96 = 4*m - 2*r, -4*m = -5*r - 96. Suppose 2*g = -g + 27. Calculate the remainder when m is divided by g.
6
Suppose -h + 378 = -4*m, 2*h + m = 705 + 24. Suppose 4*f = w + 7, 4*w - f - 32 = 3*f. Calculate the remainder when h/10 + (-4)/(-10) is divided by w.
11
Let z = -42 + 61. Suppose -5*o - 5*c + z = -21, 52 = 5*o - c. What is the remainder when 28 is divided by o?
8
Let r(d) = -2*d**2 - 17*d - 1. What is the remainder when 19 is divided by r(-8)?
5
Let y(d) = 3*d - 2. Let b be y(-3). Let x = -35 + 78. Let g = b + x. Calculate the remainder when g is divided by 11.
10
Let c be 1 + 2 + (-2 - -95). Let d = c + -55. Calculate the remainder when d is divided by (-21)/((-1)/(-2) + -2).
13
Suppose 0 = -g - 0*g - 3. Let k = -31 + 51. Calculate the remainder when k is divided by (-31)/g - 2/(-3).
9
Let w(v) = 4*v**2 - 2*v + 2. Calculate the remainder when (-2 + (4 - -1))*(3 + 15) is divided by w(2).
12
Suppose u + 117 = 5*b, -u + 92 = 5*b - 21. What is the remainder when 65 is divided by b?
19
What is the remainder when 260/39*(-3)/(-2) is divided by 6?
4
Let s be 12/8*(-58)/3. What is the remainder when 107 is divided by -3 + 4 - 3 - s?
26
Let w = 12 - -13. Let o = w - 13. Calculate the remainder when 7/((-4)/(-2 - 18)) is divided by o.
11
Suppose 0 = -4*f + f + 15. Let p = f + -1. Suppose 2*j = p*j - 4. Calculate the remainder when 6 is divided by j.
0
Suppose -2*d = -4*d + 4. Suppose 195 - 39 = -d*y. Calculate the remainder when 37 is divided by 2/(-6)*y/2.
11
Let p = -61 - -74. What is the remainder when 37 is divided by p?
11
Suppose 193 = 5*i + 3*t, 12 = -2*t + 4. Suppose 3 = 5*u - 12. Suppose s - 56 = -u*s. Calculate the remainder when i is divided by s.
13
Let n = -2 - -2. Let a = 15 - n. Let z = 47 + 10. Calculate the remainder when z is divided by a.
12
Let q = -5 + 18. Let d = -42 + -3. Let a = -21 - d. Calculate the remainder when a is divided by q.
11
Suppose -7*j + 5*j + 4*s + 156 = 0, 0 = s. Calculate the remainder when j is divided by 27.
24
Suppose g - 36 = 5*q, -3*g + 3*q + 15 = -81. What is the remainder when g is divided by (1/2)/((-1)/(-32))?
15
Suppose 5 + 30 = b. Suppose c = -2*y + 5, 4*c = -y - 3*y + 8. Suppose y*k - 71 = -17. Calculate the remainder when b is divided by k.
17
Let y = 181 + -58. Calculate the remainder when y is divided by 31.
30
Suppose -2*v = 5*a - 380, 4 = v - 1. Let w = a - -23. Calculate the remainder when w is divided by 25.
22
Let u be 18/4 - (-1)/(-2). Suppose u*i + 5 = 2*z - z, z - 14 = -5*i. Calculate the remainder when z is divided by 5.
4
Let y = -110 - -131. Calculate the remainder when y is divided by 9.
3
Suppose p - 3*p = -j - 33, 2*j - 6 = 0. Let a = -11 + p. What is the remainder when a is divided by -3*2*1/(-2)?
1
Suppose -83 = -2*u - 3*b, 4*u - 194 = -b - 3. Suppose -4*r + 4*c = -220, -3*c + 8 = -5*c. Calculate the remainder when u is divided by 1 + -1 + r/3.
15
Suppose 8*q - 3*q = 315. Suppose -3*w - 55 = -4*x, 2*x + 2*x - 5*w - 49 = 0. Calculate the remainder when q is divided by x.
15
Suppose -76 = -3*m - 5*p, 5*m + p - 75 = 3*p. Calculate the remainder when 65 is divided by m.
14
Suppose 28 = -7*j + 189. Let h(i) = -4*i**3 - 5*i**2 - 2*i - 1. Calculate the remainder when h(-3) is divided by j.
22
Let l(b) be the first derivative of 2*b**2 + 4*b - 5. What is the remainder when 46 is divided by l(3)?
14
Let i be ((-6)/(-4))/(9/30). What is the remainder when (1*-2 + i)*4 is divided by 7?
5
Let z(p) = p**3 + 7*p**2 - p - 7. Let w be z(-7). Suppose -4*x = -2*b + 5*b - 21, w = 3*x - 3*b - 21. Calculate the remainder when 11 is divided by x.
5
What is the remainder when 4 is divided by (-84)/(-22) - 6/(-33)?
0
Suppose 0 = 12*a - 4*a - 16. Let l be (-6 + 2)*5/(-4). Suppose -4*p + y + 5 = -11, -l*p = 3*y - 20. Calculate the remainder when p is divided by a.
0
Let k(m) = -m - 8. Let c be k(-8). Calculate the remainder when (c + 1/2)*74 is divided by 10.
7
Let d = 37 - 14. Let l = 39 + -26. What is the remainder when d is divided by l?
10
Let i(b) = -b**2 + 3*b + 2. Let v(c) = -c**3 + 2*c**2 - 2*c + 2. Let j be v(2). What is the remainder when i(3) is divided by (j/(-5))/((-2)/(-10))?
0
Suppose -c + 10 = 2*d, 30 = -0*c + 2*c + 2*d. What is the remainder when c is divided by 12?
8
Suppose z = 0, 3*b + 0*z = z + 15. Suppose b*o + 0*o - 30 = 0. What is the remainder when 23 is divided by o?
5
Suppose 2 + 2 = f. What is the remainder when 6 is divided by f?
2
Let z = -13 + 26. What is the remainder when 10/(-15) - 154/(-6) is divided by z?
12
Let s = -4 - -7. Suppose 17 = 2*a - s. What is the remainder when 18 is divided by a?
8
Let c = -54 - -93. Let x = 68 - c. Calculate the remainder when x is divided by ((-20)/(-6))/((-2)/(-6)).
9
Let c(f) = f**3 + 4*f**2 - 2*f - 2. What is the remainder when c(-2) is divided by 9?
1
Suppose -2*a = -76 - 48. What is the remainder when a is divided by 16?
14
Let s(a) be the second derivative of a**5/20 + 5*a**4/12 + a**3/6 + 7*a**2/2 + 3*a. Calculate the remainder when 5 is divided by s(-5).
1
Let v(n) = 24*n + 1. What is the remainder when 48 is divided by v(1)?
23
Suppose -5*c + 10 = -3*z - 2*z, 4*c - 20 = -2*z. Suppose -c*g - 6*b = -3*b - 127, -5 = -b. What is the remainder when g is divided by 15?
13
Let w(a) = -2*a - 15. Suppose -24 = -3*b - 0*b. Calculate the remainder when w(-18) is divided by b.
5
Suppose -2*y - 3*z = -18, -27 + 1 = -2*y - z. Let v = 5 - 0. Suppose v*m = 116 + 104. What is the remainder when m is divided by y?
14
Let b(p) = 2*p - 2. Let c = 10 - 2. Calculate the remainder when b(c) is divided by 8